the greatest common divisor of 60 and 540.
60
What is the highest common factor of 247 and 19?
19
Calculate the greatest common factor of 1918 and 84.
14
What is the greatest common divisor of 1015 and 420?
35
What is the greatest common divisor of 340 and 85?
85
What is the highest common factor of 12 and 39?
3
Calculate the highest common divisor of 142 and 14.
2
Calculate the greatest common factor of 858 and 18.
6
What is the highest common factor of 11640 and 40?
40
Calculate the highest common divisor of 578 and 646.
34
What is the greatest common divisor of 172 and 4?
4
Calculate the greatest common factor of 979 and 11.
11
Calculate the highest common divisor of 1380 and 10.
10
Calculate the greatest common factor of 51 and 4641.
51
Calculate the greatest common divisor of 240 and 285.
15
What is the greatest common factor of 36 and 9738?
18
What is the highest common factor of 2611 and 28?
7
Calculate the greatest common divisor of 21 and 343.
7
Calculate the greatest common divisor of 10754 and 38.
38
What is the greatest common divisor of 48 and 3216?
48
What is the highest common factor of 13 and 39?
13
Calculate the greatest common factor of 2698 and 190.
38
What is the highest common divisor of 207 and 423?
9
Calculate the highest common divisor of 11 and 407.
11
What is the highest common factor of 11 and 704?
11
Calculate the highest common factor of 10 and 18.
2
Calculate the greatest common divisor of 45 and 2.
1
Calculate the greatest common divisor of 42 and 21.
21
Calculate the highest common factor of 183 and 3233.
61
Calculate the highest common factor of 26 and 65.
13
Calculate the highest common factor of 15 and 2705.
5
What is the highest common factor of 6808 and 552?
184
What is the greatest common divisor of 104 and 2002?
26
Calculate the greatest common factor of 220 and 1790.
10
What is the highest common factor of 100 and 2150?
50
What is the greatest common divisor of 105 and 9?
3
What is the highest common factor of 12 and 392?
4
Calculate the greatest common divisor of 513 and 114.
57
What is the highest common divisor of 156 and 1196?
52
What is the greatest common divisor of 399 and 21?
21
What is the greatest common factor of 10 and 5?
5
Calculate the highest common factor of 735 and 6.
3
What is the greatest common factor of 85 and 14365?
85
Calculate the highest common factor of 160 and 2680.
40
Calculate the greatest common divisor of 126 and 36.
18
Calculate the highest common divisor of 24 and 24.
24
Calculate the greatest common factor of 231 and 252.
21
What is the greatest common divisor of 55 and 143?
11
What is the greatest common factor of 654 and 6?
6
Calculate the highest common divisor of 60 and 5235.
15
Calculate the greatest common factor of 116 and 27724.
116
Calculate the greatest common factor of 780 and 330.
30
What is the greatest common factor of 252 and 1071?
63
Calculate the greatest common divisor of 28 and 16996.
28
What is the greatest common factor of 8 and 1916?
4
Calculate the highest common factor of 138 and 11523.
69
Calculate the highest common factor of 49 and 42.
7
What is the greatest common factor of 9604 and 84?
28
Calculate the greatest common factor of 4374 and 324.
162
What is the highest common divisor of 18 and 657?
9
Calculate the highest common factor of 75 and 30.
15
What is the highest common factor of 4116 and 364?
28
What is the highest common divisor of 20 and 4?
4
What is the greatest common divisor of 425 and 17?
17
What is the highest common factor of 231 and 79233?
231
What is the greatest common factor of 247 and 38?
19
What is the greatest common factor of 33740 and 140?
140
Calculate the greatest common divisor of 1260 and 2430.
90
What is the greatest common factor of 32 and 1616?
16
What is the highest common factor of 13 and 1391?
13
What is the greatest common factor of 10 and 4430?
10
What is the highest common divisor of 825 and 528?
33
What is the greatest common divisor of 1372 and 35?
7
What is the highest common divisor of 97832 and 7?
7
What is the greatest common factor of 4895 and 110?
55
What is the highest common divisor of 27863 and 187?
187
What is the highest common factor of 51 and 68?
17
What is the highest common divisor of 545 and 2507?
109
What is the greatest common divisor of 114 and 354?
6
Calculate the greatest common factor of 1130 and 10.
10
What is the highest common divisor of 20 and 1790?
10
What is the greatest common divisor of 2959 and 33?
11
What is the highest common factor of 31 and 7967?
31
Calculate the highest common factor of 6 and 5682.
6
Calculate the greatest common divisor of 56 and 136.
8
What is the greatest common divisor of 56 and 1820?
28
Calculate the highest common factor of 777 and 21.
21
Calculate the greatest common divisor of 5 and 135.
5
Calculate the highest common divisor of 1478 and 6.
2
Calculate the highest common factor of 22 and 6347.
11
What is the greatest common factor of 237 and 395?
79
Calculate the highest common divisor of 520 and 5.
5
Calculate the highest common factor of 113 and 41923.
113
What is the greatest common divisor of 304 and 8?
8
What is the greatest common factor of 14 and 329?
7
Calculate the greatest common factor of 22 and 36256.
22
Calculate the highest common divisor of 134 and 603.
67
Calculate the highest common divisor of 1260 and 2880.
180
What is the highest common divisor of 85 and 33065?
85
Calculate the highest common factor of 4117 and 23.
23
What is the greatest common factor of 62 and 961?
31
What is the greatest common divisor of 9 and 4572?
9
Calculate the greatest common factor of 400 and 175.
25
What is the highest common factor of 12 and 12108?
12
What is the greatest common factor of 44 and 100?
4
Calculate the highest common factor of 8398 and 104.
26
Calculate the greatest common factor of 13168 and 32.
16
What is the greatest common divisor of 221 and 403?
13
What is the greatest common factor of 3439 and 285?
19
What is the highest common divisor of 688 and 2279?
43
What is the highest common factor of 45 and 522?
9
What is the highest common factor of 14670 and 90?
90
Calculate the greatest common divisor of 25 and 175.
25
Calculate the highest common divisor of 31 and 496.
31
Calculate the greatest common divisor of 295 and 59.
59
Calculate the greatest common divisor of 490 and 378.
14
Calculate the greatest common divisor of 2303 and 4277.
329
What is the greatest common divisor of 44 and 187?
11
Calculate the highest common divisor of 682 and 31.
31
What is the highest common divisor of 19932 and 132?
132
Calculate the highest common factor of 114 and 285.
57
What is the highest common factor of 1870 and 110?
110
Calculate the greatest common divisor of 24 and 18.
6
Calculate the greatest common factor of 48 and 32304.
48
Calculate the greatest common factor of 32 and 1676.
4
Calculate the highest common divisor of 76 and 124.
4
What is the highest common divisor of 48 and 36?
12
Calculate the greatest common factor of 3887 and 1859.
169
Calculate the highest common divisor of 116 and 34336.
116
Calculate the highest common factor of 8 and 10.
2
What is the greatest common factor of 12 and 93?
3
Calculate the greatest common divisor of 69 and 12.
3
Calculate the highest common factor of 494 and 76.
38
What is the greatest common factor of 1035 and 6095?
115
What is the greatest common factor of 770 and 7210?
70
What is the highest common divisor of 19947 and 366?
183
Calculate the highest common divisor of 1160 and 200.
40
Calculate the greatest common factor of 298 and 4.
2
What is the highest common factor of 11466 and 504?
126
Calculate the greatest common divisor of 180 and 160.
20
Calculate the greatest common divisor of 2968 and 56.
56
What is the highest common divisor of 1422 and 4503?
237
What is the greatest common divisor of 1116 and 434?
62
Calculate the highest common factor of 407 and 22.
11
Calculate the highest common divisor of 20 and 220.
20
What is the highest common divisor of 106 and 24857?
53
What is the greatest common divisor of 594 and 2112?
66
What is the highest common divisor of 9968 and 112?
112
Calculate the greatest common factor of 250 and 280.
10
Calculate the highest common divisor of 504 and 295